{"id":258,"date":"2018-01-22T10:17:40","date_gmt":"2018-01-22T14:17:40","guid":{"rendered":"http:\/\/ayuntamiento.o\/transparencia\/?page_id=258"},"modified":"2025-07-18T09:52:08","modified_gmt":"2025-07-18T13:52:08","slug":"responsable-de-acceso-a-la-informacion","status":"publish","type":"page","link":"https:\/\/juntadmrincon.gob.do\/transparencia\/responsable-de-acceso-a-la-informacion\/","title":{"rendered":"Responsable de Acceso a la Informaci\u00f3n"},"content":{"rendered":"<h3 class=\"\" data-start=\"179\" data-end=\"208\">\ud83d\udc64 <strong data-start=\"186\" data-end=\"206\">Berenice S\u00e1nchez<\/strong><\/h3>\n<p class=\"\" data-start=\"209\" data-end=\"265\"><strong data-start=\"209\" data-end=\"265\">Responsable de Acceso a la Informaci\u00f3n P\u00fablica (RAI)<\/strong><\/p>\n<p class=\"\" data-start=\"267\" data-end=\"481\">\ud83d\udcde <strong data-start=\"270\" data-end=\"283\">Tel\u00e9fono:<\/strong> (829) 208-1858<br data-start=\"298\" data-end=\"301\" \/>\u2709\ufe0f <strong data-start=\"304\" data-end=\"325\">Correo principal:<\/strong> <a class=\"\" href=\"mailto:jmunicipalderincon@gmail.com\" rel=\"noopener\" data-start=\"326\" data-end=\"393\">jmunicipalderincon@gmail.com<\/a><br data-start=\"393\" data-end=\"396\" \/>\u2709\ufe0f <strong data-start=\"399\" data-end=\"415\">Correo OAIM:<\/strong> <a rel=\"noopener\" data-start=\"416\" data-end=\"481\">juntadmrincon.oai@gmail.com<\/a><\/p>\n<p class=\"\" data-start=\"483\" data-end=\"552\">\ud83d\udd50 <strong data-start=\"486\" data-end=\"510\">Horario de atenci\u00f3n:<\/strong><br data-start=\"510\" data-end=\"513\" \/>Lunes a viernes | 8:00 a.m. \u2013 2:00 p.m.<\/p>\n<p class=\"\" data-start=\"554\" data-end=\"674\">\ud83d\udccd <strong data-start=\"557\" data-end=\"571\">Ubicaci\u00f3n:<\/strong> Oficina de Acceso a la Informaci\u00f3n (OAIM),<br data-start=\"614\" data-end=\"617\" \/>Junta del Distrito Municipal de Rinc\u00f3n, Provincia La Vega<\/p>\n<p data-start=\"554\" data-end=\"674\">\n<p data-start=\"554\" data-end=\"674\">\n<p class=\"\" data-start=\"147\" data-end=\"275\">\ud83d\udce5 <strong data-start=\"150\" data-end=\"275\">Para acceder a los documentos, simplemente haz clic sobre el nombre del archivo. La descarga se iniciar\u00e1 autom\u00e1ticamente.<\/strong><\/p>\n\n\n<p><a href=\"http:\/\/juntadmrincon.gob.do\/transparencia\/wp-content\/uploads\/2025\/04\/FORMULARIO-DE-SOLUCITUD-DE-INFORMACION-PUBLICA.pdf\">FORMULARIO DE SOLUCITUD DE INFORMACION PUBLICA<\/a><\/p>\n<p>Descarga el documento oficial para realizar tu solicitud formal de acceso a la informaci\u00f3n, conforme a la Ley No. 200-04.<\/p>\n<p>&nbsp;<\/p>\n<p><a href=\"http:\/\/juntadmrincon.gob.do\/transparencia\/wp-content\/uploads\/2025\/04\/DESIGNACION-DE-LA-RESPONSABLE-DE-LA-OFICINA-DE-LIBRE-ACCESO-A-LA-INFORMACION.pdf\">DESIGNACION DE LA RESPONSABLE DE LA OFICINA DE LIBRE ACCESO A LA INFORMACION<\/a><\/p>\n<p>Consulta el documento que acredita formalmente la designaci\u00f3n de la responsable de la OAIM.<\/p>\n\n\n\n\n\n\n\n\n\n<figure class=\"wp-block-gallery has-nested-images columns-default is-cropped wp-block-gallery-1 is-layout-flex wp-block-gallery-is-layout-flex\">\n<figure class=\"wp-block-image size-large\"><img loading=\"lazy\" decoding=\"async\" width=\"700\" height=\"525\" data-id=\"618\" src=\"https:\/\/juntadmrincon.gob.do\/transparencia\/wp-content\/uploads\/2025\/07\/Imagen-de-WhatsApp-2025-07-18-a-las-09.26.40_e3c9271a-700x525.jpg\" alt=\"\" class=\"wp-image-618\" srcset=\"https:\/\/juntadmrincon.gob.do\/transparencia\/wp-content\/uploads\/2025\/07\/Imagen-de-WhatsApp-2025-07-18-a-las-09.26.40_e3c9271a-700x525.jpg 700w, https:\/\/juntadmrincon.gob.do\/transparencia\/wp-content\/uploads\/2025\/07\/Imagen-de-WhatsApp-2025-07-18-a-las-09.26.40_e3c9271a-250x188.jpg 250w, https:\/\/juntadmrincon.gob.do\/transparencia\/wp-content\/uploads\/2025\/07\/Imagen-de-WhatsApp-2025-07-18-a-las-09.26.40_e3c9271a-768x576.jpg 768w, https:\/\/juntadmrincon.gob.do\/transparencia\/wp-content\/uploads\/2025\/07\/Imagen-de-WhatsApp-2025-07-18-a-las-09.26.40_e3c9271a-1536x1152.jpg 1536w, https:\/\/juntadmrincon.gob.do\/transparencia\/wp-content\/uploads\/2025\/07\/Imagen-de-WhatsApp-2025-07-18-a-las-09.26.40_e3c9271a-120x90.jpg 120w, https:\/\/juntadmrincon.gob.do\/transparencia\/wp-content\/uploads\/2025\/07\/Imagen-de-WhatsApp-2025-07-18-a-las-09.26.40_e3c9271a.jpg 1600w\" sizes=\"(max-width: 700px) 100vw, 700px\" \/><\/figure>\n\n\n\n<figure class=\"wp-block-image size-large\"><img loading=\"lazy\" decoding=\"async\" width=\"700\" height=\"525\" data-id=\"619\" src=\"https:\/\/juntadmrincon.gob.do\/transparencia\/wp-content\/uploads\/2025\/07\/Imagen-de-WhatsApp-2025-07-18-a-las-09.26.21_9c61cc2c-700x525.jpg\" alt=\"\" class=\"wp-image-619\" srcset=\"https:\/\/juntadmrincon.gob.do\/transparencia\/wp-content\/uploads\/2025\/07\/Imagen-de-WhatsApp-2025-07-18-a-las-09.26.21_9c61cc2c-700x525.jpg 700w, https:\/\/juntadmrincon.gob.do\/transparencia\/wp-content\/uploads\/2025\/07\/Imagen-de-WhatsApp-2025-07-18-a-las-09.26.21_9c61cc2c-250x188.jpg 250w, https:\/\/juntadmrincon.gob.do\/transparencia\/wp-content\/uploads\/2025\/07\/Imagen-de-WhatsApp-2025-07-18-a-las-09.26.21_9c61cc2c-768x576.jpg 768w, https:\/\/juntadmrincon.gob.do\/transparencia\/wp-content\/uploads\/2025\/07\/Imagen-de-WhatsApp-2025-07-18-a-las-09.26.21_9c61cc2c-1536x1152.jpg 1536w, https:\/\/juntadmrincon.gob.do\/transparencia\/wp-content\/uploads\/2025\/07\/Imagen-de-WhatsApp-2025-07-18-a-las-09.26.21_9c61cc2c-120x90.jpg 120w, https:\/\/juntadmrincon.gob.do\/transparencia\/wp-content\/uploads\/2025\/07\/Imagen-de-WhatsApp-2025-07-18-a-las-09.26.21_9c61cc2c.jpg 1600w\" sizes=\"(max-width: 700px) 100vw, 700px\" \/><\/figure>\n\n\n\n<figure class=\"wp-block-image size-large\"><img loading=\"lazy\" decoding=\"async\" width=\"700\" height=\"933\" data-id=\"621\" src=\"https:\/\/juntadmrincon.gob.do\/transparencia\/wp-content\/uploads\/2025\/07\/Imagen-de-WhatsApp-2025-07-18-a-las-09.26.18_ba64369a-700x933.jpg\" alt=\"\" class=\"wp-image-621\" srcset=\"https:\/\/juntadmrincon.gob.do\/transparencia\/wp-content\/uploads\/2025\/07\/Imagen-de-WhatsApp-2025-07-18-a-las-09.26.18_ba64369a-700x933.jpg 700w, https:\/\/juntadmrincon.gob.do\/transparencia\/wp-content\/uploads\/2025\/07\/Imagen-de-WhatsApp-2025-07-18-a-las-09.26.18_ba64369a-250x333.jpg 250w, https:\/\/juntadmrincon.gob.do\/transparencia\/wp-content\/uploads\/2025\/07\/Imagen-de-WhatsApp-2025-07-18-a-las-09.26.18_ba64369a-768x1024.jpg 768w, https:\/\/juntadmrincon.gob.do\/transparencia\/wp-content\/uploads\/2025\/07\/Imagen-de-WhatsApp-2025-07-18-a-las-09.26.18_ba64369a-1152x1536.jpg 1152w, https:\/\/juntadmrincon.gob.do\/transparencia\/wp-content\/uploads\/2025\/07\/Imagen-de-WhatsApp-2025-07-18-a-las-09.26.18_ba64369a-120x160.jpg 120w, https:\/\/juntadmrincon.gob.do\/transparencia\/wp-content\/uploads\/2025\/07\/Imagen-de-WhatsApp-2025-07-18-a-las-09.26.18_ba64369a.jpg 1200w\" sizes=\"(max-width: 700px) 100vw, 700px\" \/><\/figure>\n\n\n\n<figure class=\"wp-block-image size-large\"><img loading=\"lazy\" decoding=\"async\" width=\"700\" height=\"525\" data-id=\"620\" src=\"https:\/\/juntadmrincon.gob.do\/transparencia\/wp-content\/uploads\/2025\/07\/Imagen-de-WhatsApp-2025-07-18-a-las-09.26.13_b2aaa3a7-700x525.jpg\" alt=\"\" class=\"wp-image-620\" srcset=\"https:\/\/juntadmrincon.gob.do\/transparencia\/wp-content\/uploads\/2025\/07\/Imagen-de-WhatsApp-2025-07-18-a-las-09.26.13_b2aaa3a7-700x525.jpg 700w, https:\/\/juntadmrincon.gob.do\/transparencia\/wp-content\/uploads\/2025\/07\/Imagen-de-WhatsApp-2025-07-18-a-las-09.26.13_b2aaa3a7-250x188.jpg 250w, https:\/\/juntadmrincon.gob.do\/transparencia\/wp-content\/uploads\/2025\/07\/Imagen-de-WhatsApp-2025-07-18-a-las-09.26.13_b2aaa3a7-768x576.jpg 768w, https:\/\/juntadmrincon.gob.do\/transparencia\/wp-content\/uploads\/2025\/07\/Imagen-de-WhatsApp-2025-07-18-a-las-09.26.13_b2aaa3a7-1536x1152.jpg 1536w, https:\/\/juntadmrincon.gob.do\/transparencia\/wp-content\/uploads\/2025\/07\/Imagen-de-WhatsApp-2025-07-18-a-las-09.26.13_b2aaa3a7-120x90.jpg 120w, https:\/\/juntadmrincon.gob.do\/transparencia\/wp-content\/uploads\/2025\/07\/Imagen-de-WhatsApp-2025-07-18-a-las-09.26.13_b2aaa3a7.jpg 1600w\" sizes=\"(max-width: 700px) 100vw, 700px\" \/><\/figure>\n<\/figure>\n","protected":false},"excerpt":{"rendered":"\ud83d\udc64 Berenice S\u00e1nchez Responsable de Acceso a la Informaci\u00f3n P\u00fablica (RAI) \ud83d\udcde Tel\u00e9fono: (829) 208-1858\u2709\ufe0f Correo principal: jmunicipalderincon@gmail.com\u2709\ufe0f Correo OAIM: juntadmrincon.oai@gmail.com \ud83d\udd50 Horario de atenci\u00f3n:Lunes a viernes | 8:00 a.m. \u2013 2:00 p.m. \ud83d\udccd Ubicaci\u00f3n: Oficina de Acceso a la Informaci\u00f3n (OAIM),Junta del Distrito Municipal de Rinc\u00f3n, Provincia La Vega \ud83d\udce5 Para acceder a los&#8230;","protected":false},"author":1,"featured_media":0,"parent":0,"menu_order":0,"comment_status":"closed","ping_status":"closed","template":"","meta":{"footnotes":""},"class_list":["post-258","page","type-page","status-publish","hentry"],"acf":[],"_links":{"self":[{"href":"https:\/\/juntadmrincon.gob.do\/transparencia\/wp-json\/wp\/v2\/pages\/258"}],"collection":[{"href":"https:\/\/juntadmrincon.gob.do\/transparencia\/wp-json\/wp\/v2\/pages"}],"about":[{"href":"https:\/\/juntadmrincon.gob.do\/transparencia\/wp-json\/wp\/v2\/types\/page"}],"author":[{"embeddable":true,"href":"https:\/\/juntadmrincon.gob.do\/transparencia\/wp-json\/wp\/v2\/users\/1"}],"replies":[{"embeddable":true,"href":"https:\/\/juntadmrincon.gob.do\/transparencia\/wp-json\/wp\/v2\/comments?post=258"}],"version-history":[{"count":7,"href":"https:\/\/juntadmrincon.gob.do\/transparencia\/wp-json\/wp\/v2\/pages\/258\/revisions"}],"predecessor-version":[{"id":622,"href":"https:\/\/juntadmrincon.gob.do\/transparencia\/wp-json\/wp\/v2\/pages\/258\/revisions\/622"}],"wp:attachment":[{"href":"https:\/\/juntadmrincon.gob.do\/transparencia\/wp-json\/wp\/v2\/media?parent=258"}],"curies":[{"name":"wp","href":"https:\/\/api.w.org\/{rel}","templated":true}]}}